{"id":615,"date":"2026-08-19T08:42:29","date_gmt":"2026-08-19T08:42:29","guid":{"rendered":"https:\/\/beautybywilleke.es\/?page_id=615"},"modified":"2026-08-19T08:49:33","modified_gmt":"2026-08-19T08:49:33","slug":"politica-de-citas","status":"publish","type":"page","link":"https:\/\/beautybywilleke.es\/nl\/politica-de-citas\/","title":{"rendered":"Afspraak- en annuleringsbeleid"},"content":{"rendered":"<p class=\"wp-block-paragraph\">Bij Beauty by Willeke reserveren we voor elke afspraak exclusief tijd om u de best mogelijke service te kunnen bieden.<\/p>\n\n\n\n<p class=\"wp-block-paragraph\">Als u uw afspraak wilt wijzigen of annuleren, vragen wij u vriendelijk om ons dit minimaal 24 uur van tevoren te laten weten. <strong>24 uur van tevoren te laten weten.<\/strong>.<\/p>\n\n\n\n<p class=\"wp-block-paragraph\">Bij annuleringen die minder dan 24 uur van tevoren worden doorgegeven, of wanneer u niet op uw afspraak verschijnt, kan <strong>25% van de kosten van de gereserveerde behandeling in rekening worden gebracht<\/strong>.<\/p>\n\n\n\n<p class=\"wp-block-paragraph\">Dit beleid helpt ons om onze agenda beter te organiseren en vrijgekomen afspraken aan andere klanten aan te bieden.<\/p>\n\n\n\n<p class=\"wp-block-paragraph\">Bedankt voor uw begrip.<\/p>\n\n\n\n<p class=\"wp-block-paragraph\"><\/p>","protected":false},"excerpt":{"rendered":"<p>En Beauty by Willeke dedicamos un tiempo exclusivo a cada cita para ofrecer la mejor atenci\u00f3n posible. Si necesitas modificar o cancelar tu cita, te agradecemos que nos avises con al menos 24 horas de antelaci\u00f3n. Las cancelaciones realizadas con menos de 24 horas de antelaci\u00f3n o la no asistencia a una cita podr\u00e1n conllevar [&hellip;]<\/p>\n","protected":false},"author":2,"featured_media":0,"parent":0,"menu_order":0,"comment_status":"closed","ping_status":"closed","template":"","meta":{"footnotes":""},"class_list":["post-615","page","type-page","status-publish","hentry"],"yoast_head":"<!-- This site is optimized with the Yoast SEO plugin v28.3 - https:\/\/yoast.com\/product\/yoast-seo-wordpress\/ -->\n<title>Pol\u00edtica de Citas y Cancelaciones - Beauty by Willeke<\/title>\n<meta name=\"robots\" content=\"index, follow, max-snippet:-1, max-image-preview:large, max-video-preview:-1\" \/>\n<link rel=\"canonical\" href=\"https:\/\/beautybywilleke.es\/nl\/politica-de-citas\/\" \/>\n<meta property=\"og:locale\" content=\"nl_NL\" \/>\n<meta property=\"og:type\" content=\"article\" \/>\n<meta property=\"og:title\" content=\"Pol\u00edtica de Citas y Cancelaciones - Beauty by Willeke\" \/>\n<meta property=\"og:description\" content=\"En Beauty by Willeke dedicamos un tiempo exclusivo a cada cita para ofrecer la mejor atenci\u00f3n posible. Si necesitas modificar o cancelar tu cita, te agradecemos que nos avises con al menos 24 horas de antelaci\u00f3n. Las cancelaciones realizadas con menos de 24 horas de antelaci\u00f3n o la no asistencia a una cita podr\u00e1n conllevar [&hellip;]\" \/>\n<meta property=\"og:url\" content=\"https:\/\/beautybywilleke.es\/nl\/politica-de-citas\/\" \/>\n<meta property=\"og:site_name\" content=\"Beauty by Willeke\" \/>\n<meta property=\"article:modified_time\" content=\"2026-08-19T08:49:33+00:00\" \/>\n<meta name=\"twitter:card\" content=\"summary_large_image\" \/>\n<meta name=\"twitter:label1\" content=\"Geschatte leestijd\" \/>\n\t<meta name=\"twitter:data1\" content=\"1 minuut\" \/>\n<script type=\"application\/ld+json\" class=\"yoast-schema-graph\">{\"@context\":\"https:\\\/\\\/schema.org\",\"@graph\":[{\"@type\":\"WebPage\",\"@id\":\"https:\\\/\\\/beautybywilleke.es\\\/nl\\\/politica-de-citas\\\/\",\"url\":\"https:\\\/\\\/beautybywilleke.es\\\/nl\\\/politica-de-citas\\\/\",\"name\":\"Pol\u00edtica de Citas y Cancelaciones - Beauty by Willeke\",\"isPartOf\":{\"@id\":\"https:\\\/\\\/beautybywilleke.es\\\/nl\\\/#website\"},\"datePublished\":\"2026-08-19T08:42:29+00:00\",\"dateModified\":\"2026-08-19T08:49:33+00:00\",\"breadcrumb\":{\"@id\":\"https:\\\/\\\/beautybywilleke.es\\\/nl\\\/politica-de-citas\\\/#breadcrumb\"},\"inLanguage\":\"nl-NL\",\"potentialAction\":[{\"@type\":\"ReadAction\",\"target\":[\"https:\\\/\\\/beautybywilleke.es\\\/nl\\\/politica-de-citas\\\/\"]}]},{\"@type\":\"BreadcrumbList\",\"@id\":\"https:\\\/\\\/beautybywilleke.es\\\/nl\\\/politica-de-citas\\\/#breadcrumb\",\"itemListElement\":[{\"@type\":\"ListItem\",\"position\":1,\"name\":\"Portada\",\"item\":\"https:\\\/\\\/beautybywilleke.es\\\/nl\\\/\"},{\"@type\":\"ListItem\",\"position\":2,\"name\":\"Pol\u00edtica de Citas y Cancelaciones\"}]},{\"@type\":\"WebSite\",\"@id\":\"https:\\\/\\\/beautybywilleke.es\\\/nl\\\/#website\",\"url\":\"https:\\\/\\\/beautybywilleke.es\\\/nl\\\/\",\"name\":\"Beauty by Willeke\",\"description\":\"\",\"publisher\":{\"@id\":\"https:\\\/\\\/beautybywilleke.es\\\/nl\\\/#organization\"},\"potentialAction\":[{\"@type\":\"SearchAction\",\"target\":{\"@type\":\"EntryPoint\",\"urlTemplate\":\"https:\\\/\\\/beautybywilleke.es\\\/nl\\\/?s={search_term_string}\"},\"query-input\":{\"@type\":\"PropertyValueSpecification\",\"valueRequired\":true,\"valueName\":\"search_term_string\"}}],\"inLanguage\":\"nl-NL\"},{\"@type\":\"Organization\",\"@id\":\"https:\\\/\\\/beautybywilleke.es\\\/nl\\\/#organization\",\"name\":\"Beauty by Willeke\",\"url\":\"https:\\\/\\\/beautybywilleke.es\\\/nl\\\/\",\"logo\":{\"@type\":\"ImageObject\",\"inLanguage\":\"nl-NL\",\"@id\":\"https:\\\/\\\/beautybywilleke.es\\\/nl\\\/#\\\/schema\\\/logo\\\/image\\\/\",\"url\":\"https:\\\/\\\/beautybywilleke.es\\\/wp-content\\\/uploads\\\/2025\\\/05\\\/beautybywilleke.png\",\"contentUrl\":\"https:\\\/\\\/beautybywilleke.es\\\/wp-content\\\/uploads\\\/2025\\\/05\\\/beautybywilleke.png\",\"width\":250,\"height\":250,\"caption\":\"Beauty by Willeke\"},\"image\":{\"@id\":\"https:\\\/\\\/beautybywilleke.es\\\/nl\\\/#\\\/schema\\\/logo\\\/image\\\/\"}}]}<\/script>\n<!-- \/ Yoast SEO plugin. -->","yoast_head_json":{"title":"Pol\u00edtica de Citas y Cancelaciones - Beauty by Willeke","robots":{"index":"index","follow":"follow","max-snippet":"max-snippet:-1","max-image-preview":"max-image-preview:large","max-video-preview":"max-video-preview:-1"},"canonical":"https:\/\/beautybywilleke.es\/nl\/politica-de-citas\/","og_locale":"nl_NL","og_type":"article","og_title":"Pol\u00edtica de Citas y Cancelaciones - Beauty by Willeke","og_description":"En Beauty by Willeke dedicamos un tiempo exclusivo a cada cita para ofrecer la mejor atenci\u00f3n posible. Si necesitas modificar o cancelar tu cita, te agradecemos que nos avises con al menos 24 horas de antelaci\u00f3n. Las cancelaciones realizadas con menos de 24 horas de antelaci\u00f3n o la no asistencia a una cita podr\u00e1n conllevar [&hellip;]","og_url":"https:\/\/beautybywilleke.es\/nl\/politica-de-citas\/","og_site_name":"Beauty by Willeke","article_modified_time":"2026-08-19T08:49:33+00:00","twitter_card":"summary_large_image","twitter_misc":{"Geschatte leestijd":"1 minuut"},"schema":{"@context":"https:\/\/schema.org","@graph":[{"@type":"WebPage","@id":"https:\/\/beautybywilleke.es\/nl\/politica-de-citas\/","url":"https:\/\/beautybywilleke.es\/nl\/politica-de-citas\/","name":"Pol\u00edtica de Citas y Cancelaciones - Beauty by Willeke","isPartOf":{"@id":"https:\/\/beautybywilleke.es\/nl\/#website"},"datePublished":"2026-08-19T08:42:29+00:00","dateModified":"2026-08-19T08:49:33+00:00","breadcrumb":{"@id":"https:\/\/beautybywilleke.es\/nl\/politica-de-citas\/#breadcrumb"},"inLanguage":"nl-NL","potentialAction":[{"@type":"ReadAction","target":["https:\/\/beautybywilleke.es\/nl\/politica-de-citas\/"]}]},{"@type":"BreadcrumbList","@id":"https:\/\/beautybywilleke.es\/nl\/politica-de-citas\/#breadcrumb","itemListElement":[{"@type":"ListItem","position":1,"name":"Portada","item":"https:\/\/beautybywilleke.es\/nl\/"},{"@type":"ListItem","position":2,"name":"Pol\u00edtica de Citas y Cancelaciones"}]},{"@type":"WebSite","@id":"https:\/\/beautybywilleke.es\/nl\/#website","url":"https:\/\/beautybywilleke.es\/nl\/","name":"Beauty by Willeke","description":"","publisher":{"@id":"https:\/\/beautybywilleke.es\/nl\/#organization"},"potentialAction":[{"@type":"SearchAction","target":{"@type":"EntryPoint","urlTemplate":"https:\/\/beautybywilleke.es\/nl\/?s={search_term_string}"},"query-input":{"@type":"PropertyValueSpecification","valueRequired":true,"valueName":"search_term_string"}}],"inLanguage":"nl-NL"},{"@type":"Organization","@id":"https:\/\/beautybywilleke.es\/nl\/#organization","name":"Beauty by Willeke","url":"https:\/\/beautybywilleke.es\/nl\/","logo":{"@type":"ImageObject","inLanguage":"nl-NL","@id":"https:\/\/beautybywilleke.es\/nl\/#\/schema\/logo\/image\/","url":"https:\/\/beautybywilleke.es\/wp-content\/uploads\/2025\/05\/beautybywilleke.png","contentUrl":"https:\/\/beautybywilleke.es\/wp-content\/uploads\/2025\/05\/beautybywilleke.png","width":250,"height":250,"caption":"Beauty by Willeke"},"image":{"@id":"https:\/\/beautybywilleke.es\/nl\/#\/schema\/logo\/image\/"}}]}},"_links":{"self":[{"href":"https:\/\/beautybywilleke.es\/nl\/wp-json\/wp\/v2\/pages\/615","targetHints":{"allow":["GET"]}}],"collection":[{"href":"https:\/\/beautybywilleke.es\/nl\/wp-json\/wp\/v2\/pages"}],"about":[{"href":"https:\/\/beautybywilleke.es\/nl\/wp-json\/wp\/v2\/types\/page"}],"author":[{"embeddable":true,"href":"https:\/\/beautybywilleke.es\/nl\/wp-json\/wp\/v2\/users\/2"}],"replies":[{"embeddable":true,"href":"https:\/\/beautybywilleke.es\/nl\/wp-json\/wp\/v2\/comments?post=615"}],"version-history":[{"count":2,"href":"https:\/\/beautybywilleke.es\/nl\/wp-json\/wp\/v2\/pages\/615\/revisions"}],"predecessor-version":[{"id":619,"href":"https:\/\/beautybywilleke.es\/nl\/wp-json\/wp\/v2\/pages\/615\/revisions\/619"}],"wp:attachment":[{"href":"https:\/\/beautybywilleke.es\/nl\/wp-json\/wp\/v2\/media?parent=615"}],"curies":[{"name":"wp","href":"https:\/\/api.w.org\/{rel}","templated":true}]}}

<p>En Beauty by Willeke dedicamos un tiempo exclusivo a cada cita para ofrecer la mejor atención posible. Si necesitas modificar o cancelar tu cita, te agradecemos que nos avises con al menos 24 horas de antelación. Las cancelaciones realizadas con menos de 24 horas de antelación o la no asistencia a una cita podrán conllevar [&hellip;]</p>

<!-- This site is optimized with the Yoast SEO plugin v28.3 - https://yoast.com/product/yoast-seo-wordpress/ -->
<title>Política de Citas y Cancelaciones - Beauty by Willeke</title>
<meta name="robots" content="index, follow, max-snippet:-1, max-image-preview:large, max-video-preview:-1" />
<link rel="canonical" href="https://beautybywilleke.es/nl/politica-de-citas/" />
<meta property="og:locale" content="nl_NL" />
<meta property="og:type" content="article" />
<meta property="og:title" content="Política de Citas y Cancelaciones - Beauty by Willeke" />
<meta property="og:description" content="En Beauty by Willeke dedicamos un tiempo exclusivo a cada cita para ofrecer la mejor atención posible. Si necesitas modificar o cancelar tu cita, te agradecemos que nos avises con al menos 24 horas de antelación. Las cancelaciones realizadas con menos de 24 horas de antelación o la no asistencia a una cita podrán conllevar [&hellip;]" />
<meta property="og:url" content="https://beautybywilleke.es/nl/politica-de-citas/" />
<meta property="og:site_name" content="Beauty by Willeke" />
<meta property="article:modified_time" content="2026-08-19T08:49:33+00:00" />
<meta name="twitter:card" content="summary_large_image" />
<meta name="twitter:label1" content="Geschatte leestijd" />
	<meta name="twitter:data1" content="1 minuut" />
<script type="application/ld+json" class="yoast-schema-graph">{"@context":"https:\/\/schema.org","@graph":[{"@type":"WebPage","@id":"https:\/\/beautybywilleke.es\/nl\/politica-de-citas\/","url":"https:\/\/beautybywilleke.es\/nl\/politica-de-citas\/","name":"Política de Citas y Cancelaciones - Beauty by Willeke","isPartOf":{"@id":"https:\/\/beautybywilleke.es\/nl\/#website"},"datePublished":"2026-08-19T08:42:29+00:00","dateModified":"2026-08-19T08:49:33+00:00","breadcrumb":{"@id":"https:\/\/beautybywilleke.es\/nl\/politica-de-citas\/#breadcrumb"},"inLanguage":"nl-NL","potentialAction":[{"@type":"ReadAction","target":["https:\/\/beautybywilleke.es\/nl\/politica-de-citas\/"]}]},{"@type":"BreadcrumbList","@id":"https:\/\/beautybywilleke.es\/nl\/politica-de-citas\/#breadcrumb","itemListElement":[{"@type":"ListItem","position":1,"name":"Portada","item":"https:\/\/beautybywilleke.es\/nl\/"},{"@type":"ListItem","position":2,"name":"Política de Citas y Cancelaciones"}]},{"@type":"WebSite","@id":"https:\/\/beautybywilleke.es\/nl\/#website","url":"https:\/\/beautybywilleke.es\/nl\/","name":"Beauty by Willeke","description":"","publisher":{"@id":"https:\/\/beautybywilleke.es\/nl\/#organization"},"potentialAction":[{"@type":"SearchAction","target":{"@type":"EntryPoint","urlTemplate":"https:\/\/beautybywilleke.es\/nl\/?s={search_term_string}"},"query-input":{"@type":"PropertyValueSpecification","valueRequired":true,"valueName":"search_term_string"}}],"inLanguage":"nl-NL"},{"@type":"Organization","@id":"https:\/\/beautybywilleke.es\/nl\/#organization","name":"Beauty by Willeke","url":"https:\/\/beautybywilleke.es\/nl\/","logo":{"@type":"ImageObject","inLanguage":"nl-NL","@id":"https:\/\/beautybywilleke.es\/nl\/#\/schema\/logo\/image\/","url":"https:\/\/beautybywilleke.es\/wp-content\/uploads\/2025\/05\/beautybywilleke.png","contentUrl":"https:\/\/beautybywilleke.es\/wp-content\/uploads\/2025\/05\/beautybywilleke.png","width":250,"height":250,"caption":"Beauty by Willeke"},"image":{"@id":"https:\/\/beautybywilleke.es\/nl\/#\/schema\/logo\/image\/"}}]}</script>
<!-- / Yoast SEO plugin. -->

Política de Citas y Cancelaciones - Beauty by Willeke

En Beauty by Willeke dedicamos un tiempo exclusivo a cada cita para ofrecer la mejor atención posible. Si necesitas modificar o cancelar tu cita, te agradecemos que nos avises con al menos 24 horas de antelación. Las cancelaciones realizadas con menos de 24 horas de antelación o la no asistencia a una cita podrán conllevar [&hellip;]

Política de Citas y Cancelaciones
